7*j = -3*j + w. What are the prime factors of ((-12)/(-30))/(j/265)?
2, 53
Suppose -6*h - 59 + 83 = 0. Let f(l) = -l**2 + 6*l - 8. Let p be f(h). What are the prime factors of (163 - 0)/((-5 - p)/(-5))?
163
Let n(u) = u**2 - 10*u + 32. Let m be n(6). Let x(r) = 3*r**3 - 10*r**2 + 11*r - 13. What are the prime factors of x(m)?
971
Suppose 29 = 10*u - 131. Let i(o) = 89*o - 132. What are the prime factors of i(u)?
2, 17, 19
Suppose 2*k + 24 = 4*y + 4*k, -4*y + 36 = 5*k. Let q be (4/10)/((-1)/(-5)*1). Suppose -142 = -2*a + q*j, 6*a = y*a - 4*j + 112. List the prime factors of a.
2, 3, 11
Suppose 0*p - 5*j = -2*p + 100, -4*j + 228 = 4*p. Let v = 60 - p. Suppose -3*i + 191 = 5*m, 0 = -v*i - 6 + 16. List the prime factors of m.
37
Let m be -13 + (-7110)/(-99) + 4/22. List the prime factors of m/(((-1)/5)/((-54)/45)).
2, 3, 59
Let r(w) = -602*w - 65. Let g(n) = n - 1. Let z(i) = 5*g(i) + r(i). What are the prime factors of z(-2)?
2, 281
Suppose -150*n = -310439 - 788011. List the prime factors of n.
3, 2441
Let p(s) = 6338*s + 3640. What are the prime factors of p(9)?
2, 30341
Let w be (3/(-5))/(33/(-110)). Let u(p) = 9*p**3 + p**2 + 2*p - 3. Let n be u(w). Suppose 0 = 4*j + 5*v - n, 4 + 11 = j - 3*v. What are the prime factors of j?
2, 3
Let v be (-17)/(1/(-21)*3). What are the prime factors of 17/v - 5823/(-7)?
2, 13
Suppose p + 18*y - 49218 = 21*y, 0 = 2*p + 2*y - 98404. What are the prime factors of p?
2, 3, 59, 139
Suppose -99 - 2949 = -12*a. Suppose 676 + a = 3*h. What are the prime factors of h?
2, 5, 31
Let h(z) = z**3 - 2*z - 2 + 3*z - 2*z**2 + 4. Let j be h(2). Let v = j + 14. What are the prime factors of v?
2, 3
Suppose 2*c + 1755 = f, -5*f - 5*c = -12117 + 3387. Let z = 2811 - f. What are the prime factors of z?
2, 3, 59
Let p(z) = 13*z**2 + 339*z - 139. List the prime factors of p(-78).
52511
Let f(b) = 9*b + 246. Let h be (11 + 17)*(-4)/8. What are the prime factors of f(h)?
2, 3, 5
Let b be (-12)/(-9)*((-20)/8 - -1). Let d be (144/(b - 1))/(-1). What are the prime factors of (d - (-1 - 0)) + 4?
53
Let h = 138 + -144. List the prime factors of (-3 + 0 - h)/(9/804).
2, 67
Let a(b) = 4*b**2 - 17*b + 7. Let q be a(8). Suppose -7*s + q + 664 = 0. What are the prime factors of s?
113
Let p(y) = 2*y**2 - 13*y - 10. Let w = 120 + -112. Let t be p(w). Suppose -t*m = -3*m - 2497. List the prime factors of m.
227
Suppose -46476 = -14*x + 3714. List the prime factors of x.
3, 5, 239
List the prime factors of -1 + 3 - ((-1)/((-2)/(-19908)) - -8).
2, 3, 829
Let x be -4 - 1*-2 - -492. Let f = 1510 + -1800. Let m = f + x. What are the prime factors of m?
2, 5
Suppose -6*b + 386 = 1322. Let m = 43 + b. What are the prime factors of (-4 + m)/((2 - -1)/(-3))?
3, 13
Suppose 1045 = 8*n + 3*n. Let m = 8 + n. What are the prime factors of m?
103
Let k(z) = -138*z. Let u be k(-2). Suppose 4*g + 4 = u. Suppose -t + 1 = -g. What are the prime factors of t?
3, 23
Let k(x) = 9974*x**2 + 55*x - 57. List the prime factors of k(1).
2, 3, 277
Let x(o) = 41*o**2. Suppose -4*l - 7 = 2*t - 1, -3*t - 2*l = 21. Let k = t + 8. List the prime factors of x(k).
41
Let h(f) = -2*f**3 - 13*f**2 + 7*f + 12. Let i = 306 + -316. List the prime factors of h(i).
2, 3, 107
Let h = -234 + 65. Let c = h + 181. List the prime factors of c.
2, 3
Suppose 7*x - 11*x - 5*a = 4, -2*x + a = -12. Suppose -751 - 677 = -x*m - 5*l, 2*m = -4*l + 708. What are the prime factors of m?
2, 181
Let o(y) = 51*y**2 + 47. Let i be o(6). Let w = -340 + i. What are the prime factors of w?
1543
Let c = -140 + 317. Let l = c - 174. List the prime factors of l.
3
Let y(x) = 46*x**3 - 2*x**2 - x - 17. Let i(z) = -46*z**3 + 2*z**2 + 2*z + 19. Let h(a) = 4*i(a) + 5*y(a). List the prime factors of h(2).
3, 7, 17
Let a(o) = 3*o - 19. Let h = 3 + 1. Let v be a(h). List the prime factors of (v/3 - 1)*-33.
2, 5, 11
Suppose 5*s = -u + 35, 4*s + 4*u - 3*u - 28 = 0. Let d(m) = m**3 - 11*m - 33. What are the prime factors of d(s)?
233
Let p(o) = 5900*o**2 + 118*o + 241. What are the prime factors of p(-3)?
11, 4817
Let d(r) = -32*r + 6. Let v(b) = -32*b + 6. Let x(y) = 4*d(y) - 5*v(y). Suppose -5*u = 4*k - 9 - 8, 4*k + 28 = 4*u. What are the prime factors of x(u)?
2, 7, 11
Suppose 4*c + 2*x - 58 = 0, -c + 56 = 4*c - 3*x. Suppose c*z - 26 - 2067 = 0. What are the prime factors of z?
7, 23
Suppose 5*f + 1070 = v, -2*f - 4208 = -13*v + 9*v. Let l = -576 + v. What are the prime factors of l?
2, 3, 79
Suppose 0 = -5*w + 416 + 289. Suppose 4*b + w = -135. Let n = -27 - b. What are the prime factors of n?
2, 3, 7
Suppose 0*s = -4*j + s + 237, -117 = -2*j + s. Let r = 39 - 42. Let k = j + r. List the prime factors of k.
3, 19
Let x(t) = 2*t**3 - t**2 + 7*t + 1510. Let a be x(0). Suppose 4025 - a = 5*b. What are the prime factors of b?
503
Suppose 2*p + 1976 = 2*f - 10574, 5*p - 12529 = -2*f. What are the prime factors of f?
2, 7
Suppose 2*x + 5*m + 2327 = 0, 2*m = -5*x + 3*m - 5858. Let u = -791 - x. What are the prime factors of u?
2, 5, 19
Let n(r) = 64*r**2 - 11*r + 14. Suppose -27 = d - 30. List the prime factors of n(d).
557
Let k = 6704 - 2747. List the prime factors of k.
3, 1319
Let j = -5852 + 12530. What are the prime factors of j?
2, 3, 7, 53
Suppose 10*s - 49 = 3*s. Let j be ((-9)/s - -1)/((-1)/7). Suppose 0 = -2*x + 4*u + 244, -j*x + 2*u + 250 = 4*u. List the prime factors of x.
2, 31
Let o(k) = 3236*k + 46. What are the prime factors of o(2)?
2, 3259
Let c(x) = -x**2 + 37*x + 34. Let k be c(38). What are the prime factors of k/((-20)/(-10) - (-1035)/(-516))?
2, 43
Let i(p) = -p**2 - 269*p + 481. List the prime factors of i(-81).
23, 683
Let c be (-9 + -1)/(4/(-6)). Let y(q) = 24*q - 90. List the prime factors of y(c).
2, 3, 5
Let s = -1436 - -4998. List the prime factors of s.
2, 13, 137
Let u(t) = -324*t + 51. Let b(q) = -3*q - 32. Let i be b(-10). List the prime factors of u(i).
3, 233
Let r = -9 - -11. Let z be r/((21/(-6))/7). What are the prime factors of (-3)/z + (-1045)/(-20)?
53
Suppose 0 = -10*f + 2*f + 33624. Suppose 25*h + 553 = f. What are the prime factors of h?
2, 73
Let x = 21 - 19. Let j(k) = 9*k**2 + 1 + 4*k**x + 4*k + k**2 - 4*k**2. List the prime factors of j(-2).
3, 11
Suppose -9*z + 12*z + 180024 = 9*z. What are the prime factors of z?
2, 13, 577
Let x be ((-6)/4)/((-24)/64). Suppose -13*p + 17*p + x = 0. Let u = p + 32. What are the prime factors of u?
31
Let a(u) = -18*u**3 + 3*u + 696 - u - u + u**2 + 21*u**3. What are the prime factors of a(0)?
2, 3, 29
Suppose -n = 0, d - 3*n = -4*n. Suppose w + p = 5*p - 7, d = 2*w - 4*p - 2. Suppose -14*r + 495 = -w*r. What are the prime factors of r?
3, 11
Let g be (-1)/(5/25) + 815. Suppose 0 = -2*v + 304 - g. Let k = 492 + v. List the prime factors of k.
239
Let v(j) = 5*j - 2. Let o be v(14). Let a = -69 + o. Let g(d) = 35*d**2 + 2*d + 3. List the prime factors of g(a).
2, 3
Let v = -7291 + 8150. What are the prime factors of v?
859
Let i(a) = a**3 - 8*a**2 - 4*a - 15. Let s be i(6). Let h = s + 113. Suppose -4*x + n + 367 = 0, n + n + 176 = h*x. What are the prime factors of x?
3, 31
Let n(b) = 281*b + 39. Let c be n(11). Suppose 19*i - 1031 = c. What are the prime factors of i?
3, 73
Let s(p) be the first derivative of -p**4/4 + 14*p**3/3 + 7*p**2 - 25*p - 141. What are the prime factors of s(10)?
5, 103
Let q be (-5)/(15/(-66)) - -3. Let t(p) = -31*p - q + 1 + 21*p. What are the prime factors of t(-13)?
2, 53
Let k be (-1)/(-4) + 14/8 - -3. Suppose -2*o + 935 = 5*w, 4*w - k*o = 5*w - 164. Suppose -4*i + w = -315. List the prime factors of i.
2, 3, 7
List the prime factors of 40/720*4 + -1 + (-30292)/(-9).
5, 673
Suppose -2*m - 6*g + 3*g = -140799, -m = -g - 70382. List the prime factors of m.
3, 11, 79
List the prime factors of (0 + -268)*(4/20 - (-789)/(-20)).
67, 157
List the prime factors of (8/60)/(23/(-69)) + (-67497)/(-5).
13499
Suppose 2*y - 19 = 225. Suppose a - 182 = y. Suppose c + 299 = 5*o, -5*o - 2*c + a = 2*c. List the prime factors of o.
2, 3, 5
Let n = -108808 - -176589. List the prime factors of n.
7, 23, 421
Let g = -241 + 240. List the prime factors of ((-4)/(-3 + g))/(2/604).
2, 151
Suppose 2*s - 1215038 = -25*i, -5*i + 10*s - 7*s = -243028. List the prime factors of i.
2, 19, 1279
Suppose 7*g - 2293 = 1669. Suppose -7*t + 